t common factor of 18 and 10953.
9
What is the greatest common factor of 204 and 1895772?
204
What is the highest common divisor of 3822 and 946218?
546
What is the greatest common factor of 5290 and 84410?
230
Calculate the greatest common divisor of 10 and 3736510.
10
What is the highest common factor of 420 and 40068?
84
What is the highest common divisor of 95613 and 6090?
609
What is the highest common divisor of 37870 and 238?
14
Calculate the greatest common factor of 3970527 and 33.
33
What is the highest common divisor of 654564 and 276?
12
Calculate the greatest common factor of 60239 and 59.
59
What is the highest common divisor of 4628 and 1015846?
2314
What is the greatest common factor of 4480 and 107264?
128
Calculate the highest common factor of 96 and 139404.
12
Calculate the greatest common factor of 177 and 45253.
59
What is the highest common divisor of 275 and 2175?
25
Calculate the highest common divisor of 40407 and 9.
3
What is the greatest common factor of 362286 and 54?
54
What is the greatest common factor of 243 and 17043?
3
What is the greatest common divisor of 95430 and 1290?
30
What is the highest common factor of 110 and 157685?
55
What is the highest common factor of 4488 and 145794?
66
Calculate the highest common divisor of 224 and 22708.
28
What is the highest common factor of 234 and 312966?
18
What is the highest common divisor of 427373 and 261?
29
Calculate the highest common divisor of 11985 and 1360.
85
What is the highest common factor of 2603 and 122204?
137
Calculate the greatest common factor of 606 and 134229.
303
Calculate the greatest common divisor of 17271 and 1368.
171
Calculate the highest common factor of 462 and 3346.
14
What is the highest common divisor of 852 and 234584?
284
Calculate the greatest common factor of 32 and 447472.
16
Calculate the highest common factor of 3367 and 1079.
13
What is the highest common divisor of 4 and 93332?
4
What is the greatest common factor of 4 and 156776?
4
Calculate the highest common factor of 1517 and 95867.
37
What is the greatest common factor of 261 and 288231?
87
What is the highest common divisor of 9 and 3945?
3
What is the highest common divisor of 8 and 1445680?
8
What is the highest common divisor of 77636 and 208?
52
What is the greatest common divisor of 76788 and 88938?
486
What is the greatest common divisor of 57499 and 65?
13
What is the highest common divisor of 184 and 130916?
92
Calculate the highest common divisor of 18 and 20018.
2
What is the highest common factor of 289 and 36839?
17
What is the greatest common divisor of 1008 and 23808?
48
Calculate the highest common divisor of 1 and 1447593.
1
What is the greatest common divisor of 25491545 and 205?
205
What is the highest common divisor of 3944 and 467944?
232
What is the highest common divisor of 777 and 888?
111
What is the highest common factor of 2408 and 45623?
43
What is the greatest common divisor of 480 and 165?
15
Calculate the highest common factor of 3570 and 4046.
238
What is the greatest common factor of 9615636 and 5076?
1692
What is the highest common factor of 16147 and 6748?
241
Calculate the highest common factor of 476052 and 444.
12
What is the highest common factor of 45 and 338490?
45
Calculate the highest common factor of 404720 and 880.
80
What is the greatest common divisor of 247 and 2413?
19
What is the highest common divisor of 180690 and 2850?
570
What is the highest common divisor of 240054 and 6?
6
What is the greatest common divisor of 132020 and 412160?
3220
What is the greatest common factor of 97644 and 206?
206
What is the greatest common factor of 2124 and 10872?
36
Calculate the greatest common divisor of 36 and 381312.
36
What is the highest common divisor of 2224 and 833444?
556
Calculate the greatest common divisor of 27370 and 9338.
322
What is the highest common divisor of 16 and 1433?
1
What is the highest common divisor of 5684 and 87024?
196
What is the highest common divisor of 504 and 79038?
18
Calculate the highest common factor of 48 and 365100.
12
Calculate the greatest common factor of 74358 and 34.
34
What is the highest common factor of 17616346 and 22?
22
Calculate the highest common factor of 2240 and 1015.
35
Calculate the greatest common divisor of 20424 and 4922.
46
Calculate the greatest common divisor of 52220 and 1120.
140
What is the highest common factor of 12802 and 1998?
74
What is the highest common divisor of 380274 and 366?
366
What is the greatest common factor of 55722 and 888?
222
What is the greatest common divisor of 407 and 3341063?
407
What is the highest common divisor of 516 and 183868?
172
Calculate the highest common factor of 21 and 623056.
7
What is the greatest common factor of 903 and 315?
21
Calculate the highest common divisor of 64 and 650224.
16
Calculate the highest common divisor of 9046015 and 1265.
1265
What is the highest common factor of 155500 and 19282?
622
What is the greatest common factor of 2014 and 38637?
53
What is the greatest common factor of 84 and 22666?
14
What is the highest common factor of 32 and 2040992?
32
What is the greatest common divisor of 7733 and 148?
37
Calculate the highest common divisor of 20 and 6340.
20
Calculate the greatest common factor of 2756 and 356213.
689
Calculate the highest common divisor of 18304 and 110032.
208
What is the greatest common factor of 1463 and 4997?
19
What is the highest common factor of 29 and 2319275?
29
Calculate the highest common divisor of 1116 and 2304.
36
Calculate the greatest common factor of 5700 and 95300.
100
What is the greatest common divisor of 5 and 22445?
5
Calculate the highest common divisor of 5008 and 1072.
16
Calculate the greatest common divisor of 1160 and 1405485.
145
Calculate the greatest common factor of 334 and 20.
2
Calculate the highest common divisor of 1304 and 2512482.
326
What is the greatest common divisor of 9978 and 6?
6
Calculate the highest common factor of 48 and 8952.
24
What is the greatest common divisor of 153087 and 66?
33
What is the greatest common factor of 2580 and 15652?
172
What is the greatest common factor of 739 and 7339009?
739
Calculate the highest common divisor of 56 and 25583.
1
What is the greatest common divisor of 19480 and 2130?
10
What is the greatest common divisor of 11902 and 110364?
1082
What is the greatest common factor of 5627676 and 12?
12
What is the greatest common factor of 1412 and 409127?
353
Calculate the greatest common factor of 518740 and 6660.
740
Calculate the greatest common divisor of 68196 and 324.
12
Calculate the highest common factor of 67 and 177483.
67
Calculate the greatest common divisor of 11 and 1453320.
11
What is the greatest common factor of 15995 and 45?
5
What is the highest common factor of 70755 and 11481?
267
What is the greatest common factor of 1414 and 311383?
101
Calculate the greatest common divisor of 19602 and 1210.
242
What is the greatest common divisor of 52 and 85982?
26
Calculate the highest common factor of 2090 and 2470.
190
Calculate the greatest common factor of 1613585 and 2650.
265
Calculate the greatest common divisor of 73 and 22484.
73
What is the greatest common factor of 810 and 9540?
90
What is the highest common factor of 6063321 and 341?
341
What is the highest common factor of 23580 and 58295?
655
Calculate the greatest common factor of 1428 and 168861.
357
Calculate the greatest common factor of 12123 and 12.
3
What is the greatest common divisor of 7288 and 1304?
8
Calculate the highest common factor of 476 and 616216.
68
What is the highest common divisor of 11252 and 56066?
194
What is the greatest common divisor of 47640 and 80?
40
What is the greatest common factor of 473 and 388333?
473
What is the greatest common factor of 7512 and 56?
8
What is the greatest common divisor of 14988 and 120?
12
Calculate the greatest common divisor of 2076 and 272.
4
Calculate the greatest common divisor of 4167 and 9.
9
What is the greatest common factor of 466453 and 208?
13
What is the greatest common divisor of 36 and 408744?
36
Calculate the greatest common factor of 15 and 951.
3
What is the greatest common divisor of 266019 and 29079?
1077
What is the greatest common factor of 1908 and 5999